{"id":1022,"date":"2011-11-16T23:39:11","date_gmt":"2011-11-16T21:39:11","guid":{"rendered":"http:\/\/danek33.pl\/blog\/?page_id=1022"},"modified":"2011-11-16T23:39:11","modified_gmt":"2011-11-16T21:39:11","slug":"oferta-ciazowa","status":"publish","type":"page","link":"http:\/\/danek33.pl\/blog\/index.php\/oferty\/oferta-ciazowa\/","title":{"rendered":"OFERTA CI\u0104\u017bOWA"},"content":{"rendered":"<p><span style=\"color: #ff9900;\">Najlepszym okresem do wykonania takich zdj\u0119\u0107 jest okres pomi\u0119dzy 7 a 9 miesi\u0105cem ci\u0105\u017cy gdzie widoczny jest brzuszek.\u00a0 Do takich zdj\u0119\u0107, r\u00f3wnie\u017c zapraszam ca\u0142e rodziny, kt\u00f3re uwiecznimy jako celebruj\u0105ce i oczekuj\u0105ce przyj\u015bcie na \u015bwiat nowego cz\u0142onka &#8222;familii&#8221;.<\/span><\/p>\n<p><strong>Us\u0142uga mo\u017ce zawiera\u0107:<\/strong><\/p>\n<ul>\n<li>\u00a0wykonanie zdj\u0119\u0107 w plenerze lub w domu<\/li>\n<li>przygotowanie ekskluzywnego albumu fotograficznego, fotoksi\u0105\u017cki i prezentacji zdj\u0119\u0107 z podk\u0142adem muzycznym<\/li>\n<\/ul>\n\n<div class=\"like\">\n<iframe src=\"http:\/\/www.facebook.com\/plugins\/like.php?href=http%3A%2F%2Fdanek33.pl%2Fblog%2Findex.php%2Foferty%2Foferta-ciazowa%2F&amp;layout=standard&amp;show_faces=true&amp;width=450&amp;action=like&amp;font=&amp;colorscheme=light\" scrolling=\"no\" frameborder=\"0\" allowTransparency=\"true\" style=\"border:none; overflow:hidden; width:450px; height:62px; \"><\/iframe>\n<\/div>\n","protected":false},"excerpt":{"rendered":"<p>Najlepszym okresem do wykonania takich zdj\u0119\u0107 jest okres pomi\u0119dzy 7 a 9 miesi\u0105cem ci\u0105\u017cy gdzie widoczny jest brzuszek.\u00a0 Do takich zdj\u0119\u0107, r\u00f3wnie\u017c zapraszam ca\u0142e rodziny, kt\u00f3re uwiecznimy jako celebruj\u0105ce i<\/p>\n<p class=\"more-link\"><a href=\"http:\/\/danek33.pl\/blog\/index.php\/oferty\/oferta-ciazowa\/\" class=\"readmore\">Continue reading<svg class=\"icon icon-arrow-right\" aria-hidden=\"true\" role=\"img\"> <use href=\"#icon-arrow-right\" xlink:href=\"#icon-arrow-right\"><\/use> <\/svg><span class=\"screen-reader-text\">OFERTA CI\u0104\u017bOWA<\/span><\/a><\/p>\n","protected":false},"author":1,"featured_media":0,"parent":189,"menu_order":0,"comment_status":"open","ping_status":"closed","template":"","meta":{"footnotes":""},"class_list":["post-1022","page","type-page","status-publish","hentry"],"_links":{"self":[{"href":"http:\/\/danek33.pl\/blog\/index.php\/wp-json\/wp\/v2\/pages\/1022","targetHints":{"allow":["GET"]}}],"collection":[{"href":"http:\/\/danek33.pl\/blog\/index.php\/wp-json\/wp\/v2\/pages"}],"about":[{"href":"http:\/\/danek33.pl\/blog\/index.php\/wp-json\/wp\/v2\/types\/page"}],"author":[{"embeddable":true,"href":"http:\/\/danek33.pl\/blog\/index.php\/wp-json\/wp\/v2\/users\/1"}],"replies":[{"embeddable":true,"href":"http:\/\/danek33.pl\/blog\/index.php\/wp-json\/wp\/v2\/comments?post=1022"}],"version-history":[{"count":1,"href":"http:\/\/danek33.pl\/blog\/index.php\/wp-json\/wp\/v2\/pages\/1022\/revisions"}],"predecessor-version":[{"id":1023,"href":"http:\/\/danek33.pl\/blog\/index.php\/wp-json\/wp\/v2\/pages\/1022\/revisions\/1023"}],"up":[{"embeddable":true,"href":"http:\/\/danek33.pl\/blog\/index.php\/wp-json\/wp\/v2\/pages\/189"}],"wp:attachment":[{"href":"http:\/\/danek33.pl\/blog\/index.php\/wp-json\/wp\/v2\/media?parent=1022"}],"curies":[{"name":"wp","href":"https:\/\/api.w.org\/{rel}","templated":true}]}}