{"id":1010,"date":"2011-11-16T23:01:48","date_gmt":"2011-11-16T21:01:48","guid":{"rendered":"http:\/\/danek33.pl\/blog\/?page_id=1010"},"modified":"2011-11-16T23:05:45","modified_gmt":"2011-11-16T21:05:45","slug":"oferta-rodzinna","status":"publish","type":"page","link":"http:\/\/danek33.pl\/blog\/index.php\/oferty\/oferta-rodzinna\/","title":{"rendered":"OFERTA RODZINNA"},"content":{"rendered":"<p><span style=\"color: #ff6600;\">Oferta dotyczy sesji fotograficznej dzieci, rodzic\u00f3w, ca\u0142e rodziny w zale\u017cno\u015bci od oczekiwa\u0144 i potrzeb klienta. Staram si\u0119 pokaza\u0107 naturalno\u015b\u0107 ka\u017cdej osoby z tego wzgl\u0119du zach\u0119cam do sesji wykonywanych w plenerze gdzie s\u0105 nieograniczone mo\u017cliwo\u015bci przemieszczania si\u0119 oraz niepowtarzalna zmiana t\u0142a.<\/span><\/p>\n<p><strong>Us\u0142uga OFERTY RODZINNEJ mo\u017ce zawiera\u0107:<\/strong><\/p>\n<ul>\n<li>wykonanie zdj\u0119\u0107 w plenerze lub domu<\/li>\n<li>przygotowanie ekskluzywnego albumu fotograficznego, fotoksi\u0105\u017cki i prezentacji zdj\u0119\u0107 z podk\u0142adem muzycznym<\/li>\n<li>standardowy czas takiej sesji to 4 godziny, ale oczywi\u015bcie to nie regu\u0142a<\/li>\n<\/ul>\n\n<div class=\"like\">\n<iframe src=\"http:\/\/www.facebook.com\/plugins\/like.php?href=http%3A%2F%2Fdanek33.pl%2Fblog%2Findex.php%2Foferty%2Foferta-rodzinna%2F&amp;layout=standard&amp;show_faces=true&amp;width=450&amp;action=like&amp;font=&amp;colorscheme=light\" scrolling=\"no\" frameborder=\"0\" allowTransparency=\"true\" style=\"border:none; overflow:hidden; width:450px; height:62px; \"><\/iframe>\n<\/div>\n","protected":false},"excerpt":{"rendered":"<p>Oferta dotyczy sesji fotograficznej dzieci, rodzic\u00f3w, ca\u0142e rodziny w zale\u017cno\u015bci od oczekiwa\u0144 i potrzeb klienta. Staram si\u0119 pokaza\u0107 naturalno\u015b\u0107 ka\u017cdej osoby z tego wzgl\u0119du zach\u0119cam do sesji wykonywanych w plenerze<\/p>\n<p class=\"more-link\"><a href=\"http:\/\/danek33.pl\/blog\/index.php\/oferty\/oferta-rodzinna\/\" class=\"readmore\">Continue reading<svg class=\"icon icon-arrow-right\" aria-hidden=\"true\" role=\"img\"> <use href=\"#icon-arrow-right\" xlink:href=\"#icon-arrow-right\"><\/use> <\/svg><span class=\"screen-reader-text\">OFERTA RODZINNA<\/span><\/a><\/p>\n","protected":false},"author":1,"featured_media":0,"parent":189,"menu_order":0,"comment_status":"open","ping_status":"closed","template":"","meta":{"footnotes":""},"class_list":["post-1010","page","type-page","status-publish","hentry"],"_links":{"self":[{"href":"http:\/\/danek33.pl\/blog\/index.php\/wp-json\/wp\/v2\/pages\/1010","targetHints":{"allow":["GET"]}}],"collection":[{"href":"http:\/\/danek33.pl\/blog\/index.php\/wp-json\/wp\/v2\/pages"}],"about":[{"href":"http:\/\/danek33.pl\/blog\/index.php\/wp-json\/wp\/v2\/types\/page"}],"author":[{"embeddable":true,"href":"http:\/\/danek33.pl\/blog\/index.php\/wp-json\/wp\/v2\/users\/1"}],"replies":[{"embeddable":true,"href":"http:\/\/danek33.pl\/blog\/index.php\/wp-json\/wp\/v2\/comments?post=1010"}],"version-history":[{"count":5,"href":"http:\/\/danek33.pl\/blog\/index.php\/wp-json\/wp\/v2\/pages\/1010\/revisions"}],"predecessor-version":[{"id":1014,"href":"http:\/\/danek33.pl\/blog\/index.php\/wp-json\/wp\/v2\/pages\/1010\/revisions\/1014"}],"up":[{"embeddable":true,"href":"http:\/\/danek33.pl\/blog\/index.php\/wp-json\/wp\/v2\/pages\/189"}],"wp:attachment":[{"href":"http:\/\/danek33.pl\/blog\/index.php\/wp-json\/wp\/v2\/media?parent=1010"}],"curies":[{"name":"wp","href":"https:\/\/api.w.org\/{rel}","templated":true}]}}